-6. Let p(m) be the first derivative of -11 + 4*m + 1/3*m**3 - 2*m**2. Calculate p(d).
1
Suppose -117*p + 99*p - 108 = 0. Let q(x) = -x**2 - x + 38. Determine q(p).
8
Let s(w) = 2*w + 23. Let a be s(19). Let b = a - 48. Let h = b - 18. Let y(o) = -o**2 - 5*o + 3. What is y(h)?
3
Let w(u) = -8*u**2 + 62*u**2 + 43*u + 4 - 24*u**2 - 19*u**2. Calculate w(-4).
8
Let o(g) = -30*g**2 - g. Let i(x) = 179*x**2 - 10*x - 60. Let k(z) = -i(z) - 6*o(z). Give k(-7).
-3
Suppose 0 = -3*x + 6*x - 18. Let w(t) = -t - 5. Let p be w(-7). Let m(v) = -v**3 + 3*v + 2*v + v**2 - 3*v**2 + 7*v**p + 6. Give m(x).
0
Suppose 15*v + 15 - 57 = -27. Let d(n) = 95*n - 1. What is d(v)?
94
Suppose 116*o + 44 = 138*o. Let c(h) = 8 + 16 - 7*h**o - h**3 + 12*h - 13. Give c(-8).
-21
Let o = 79 - 83. Let p(d) = 2*d**3 - 4*d**2 + 8*d - 6. Let y(k) = -5*k**3 + 8*k**2 - 17*k + 14. Let n(g) = 7*p(g) + 3*y(g). Give n(o).
-20
Suppose -11*i + 24 = 4*z - 8*i, -i = 0. Let d(h) = 24*h - 67*h + 22*h + 10 + z + 23*h. What is d(-7)?
2
Let n = -4 - -6. Let m(p) be the second derivative of -49 - 2*p + p**2 + 1/12*p**4 - 1/6*p**3. Give m(n).
4
Let z = 43 + -17. Let b = 35 - z. Let f(m) = -m + 0 + b + 5. What is f(0)?
14
Let i = 0 - 0. Let q(r) be the second derivative of 9*r**2 - 3*r - 1/6*r**3 - 7. What is q(i)?
18
Let k(b) = 11*b**2 + 6*b. Let y(c) = 18*c**2 + 10*c + 1. Let h(g) = -5*k(g) + 3*y(g). Suppose 7*w - 8*w - 5 = 0. What is h(w)?
-22
Let c(w) = -3*w - 6. Let v(k) = 4*k + 7. Let l(p) = -6*c(p) - 5*v(p). Let n(r) = -9*r + 16. Let j(i) = -5*l(i) + n(i). What is j(-7)?
4
Let l be 32/(-3) - 1984/(-744). Let k(x) = -x**3 - 10*x**2 - 16*x - 1. Determine k(l).
-1
Suppose 70*p - 75*p + 105 = 0. Suppose -78 = -p*i + 8*i. Let o(h) = -4*h - 3. Calculate o(i).
-27
Let y(i) = 2*i**2 - 29*i + 73. Let n = -21891 - -21903. Give y(n).
13
Let d(l) = -8*l - 2. Let q(f) = 4*f + 1. Let m be (-3)/(-2) + (-3)/6 + 44. Suppose 4*s - m = 5*u - 0, -5*s + 25 = 0. Let j(a) = u*q(a) - 2*d(a). Give j(1).
-5
Suppose -28 = -4*o + 2*c, o + 24 - 36 = 3*c. Let w(d) = -d**2 - 16*d + 58. Give w(o).
-74
Let g(f) be the third derivative of f**5/60 + 11*f**4/24 + 14*f**3/3 - 46*f**2 + 19. Calculate g(-4).
0
Suppose 426 = 11*f + 415. Let q(c) = 20 + 3*c**2 + f - 13 - c - 11. Determine q(4).
41
Let s(f) = -25*f - 31*f - 96 + 42*f + 17. Calculate s(-6).
5
Let k be -8 + -1 + (-102)/(-17). Let p(f) = -14*f**2 - 2*f - 1. What is p(k)?
-121
Let n(t) = -t**2 + 6*t + 4. Let d(h) = h**2 - 6*h - 3. Let g(a) = -7*d(a) - 6*n(a). Let v = -41 + 43. Suppose -5*q + 35 = v*p - 6*p, 0 = 2*p. Give g(q).
-10
Let z(x) be the first derivative of -4*x**2 + x + 38. Let m be (44/154)/(-4*3/(-42)). Determine z(m).
-7
Suppose -4*i + 8 = -4*m + 28, -4*i - 23 = -5*m. Let b(k) = 9*k + 4. Determine b(m).
31
Let x(m) = m. Let p be 315/(-210)*(-32)/6. What is x(p)?
8
Let y(m) be the first derivative of m**2/2 + 6*m + 23. Let u be y(-3). Suppose -5*g + 6 = -5*s + 4*s, u*g = -3*s - 18. Let x(v) = v**2 + 7*v. Determine x(s).
-6
Let y(t) = -t - 8. Let g(r) = 4*r + 18. Let u be (-4)/((-25)/15 - (-1 - 0)). Suppose 2*l + u = 0, 4*m + 4*l = l - 33. Let w be g(m). What is y(w)?
-2
Let p(z) = -5*z**2 + 83*z - 303. Let r be p(6). Let v(f) = -f**3 + 14*f**2 + 12*f + 26. Calculate v(r).
-19
Let m(y) = -y**3 + y**2 + 12*y + 20. Suppose 4*p = -5*q + 17, 0 = 2*q - 4*p - 195 + 177. What is m(q)?
-20
Let p be (-9 + 108/24)*(-88)/(-33). Let y(s) = -s**3 - 10*s**2 + 24*s + 20. Determine y(p).
20
Suppose 3*q = 4*l + 937, -l + 3*l = 4. Let g be (-4)/6*q/70. Let p(w) = w**3 + 2*w**2 - 3*w + 1. Give p(g).
1
Suppose 4*l - 4*g - 76 = 0, -4*l + 5*g + 41 = -42. Let c(b) = -20*b + 251. What is c(l)?
11
Let v(i) = -i**3 + i**2 - i - 12. Let h(d) = 11 - 5*d + 32 + 13*d - 11. Let k be h(-4). Determine v(k).
-12
Let a(t) = -4*t - 22. Let q be a(-6). Suppose 5*c = q*k + c - 14, 3*k + 5*c - 65 = 0. Let o(f) = 0*f**2 - 2*f**2 - k*f**3 - 3*f + 16*f**3. Calculate o(3).
0
Suppose 69*x = 2013 - 2289. Let h(z) = 3*z**2 - 4*z + 5. Determine h(x).
69
Let u be (0*(-2)/6)/(-1). Let p(f) = -5*f**2 + 1. Let l be (12 + -3)/((-3)/(-6) - 2). Let y(x) = -x**2 + 1. Let s(k) = l*y(k) + p(k). What is s(u)?
-5
Let n(r) = 2*r**3 - 144*r**2 + r - 78. Let q be n(72). Let i(h) = -h**3 - 2*h**2 + 23*h - 8. Determine i(q).
-2
Let q(z) be the third derivative of -9*z**4/8 + 25*z**3/3 + 712*z**2. Give q(4).
-58
Let d = -7568 - -7580. Let k(w) = -12*w + 154. Determine k(d).
10
Let s be 52*((-14)/(-8) - 24/16). Suppose -95 = s*l - 32*l. Let n(r) = -r**3 + 6*r**2 - 3*r + 5. What is n(l)?
15
Let w(i) = -9*i - 79. Let b = -1951 - -1941. Determine w(b).
11
Let r(b) = b + 7. Let h(k) = 7*k - 202. Suppose 19*g = 14*g - 4*s + 156, 5*g = 5*s + 120. Let n be h(g). What is r(n)?
1
Let s(o) = o - 96. Let i(y) = -9*y + 903. Let t(n) = 2*i(n) + 19*s(n). Determine t(-9).
-27
Let y(h) = 4*h - 10. Let j be y(2). Let a be (j - (-8)/4)/1. Let s(f) = 4 + 32*f - 33*f + 0. What is s(a)?
4
Let c(p) = 11*p - 15. Let m(v) = 47*v - 55. Let f(b) = 9*c(b) - 2*m(b). Calculate f(10).
25
Suppose -2*c - w - 3 = 0, c - w = -2 - 1. Let z(v) = -9*v + 7. Let y(m) = -19*m - 20*m - 4*m + 10 + 33*m. Let o(h) = -3*y(h) + 4*z(h). Determine o(c).
10
Let q(f) = -12*f - 4. Let r = 2584 - 2591. Determine q(r).
80
Let a(m) be the third derivative of 1/15*m**5 + 44 - m**2 - 1/120*m**6 + 0*m - 1/8*m**4 - 1/3*m**3. Determine a(4).
-14
Let w(f) = -13*f**3 + 11*f**2 + 8*f - 1. Let r(k) = 35*k**3 - 31*k**2 - 22*k + 3. Let p(s) = -4*r(s) - 11*w(s). Give p(-2).
-13
Let f = 46 + -46. Let a = -27 + 29. Let j(l) = -l - l**3 + 14*l**2 + 21*l**2 - 34*l**a + 9. Calculate j(f).
9
Let s(o) = -o**2 - 3*o + 11. Suppose 22 = -4*q + a, -74*q + 3*a = -76*q - 18. Determine s(q).
-7
Let o(y) = -6*y - 16. Let f be o(-3). Let s(n) = -1 + 2 + 75*n**f + n - 2*n**3 - 77*n**2. What is s(-2)?
7
Let b = 0 - -8. Let c(j) = b*j - 1 - 4*j + 5. Suppose -8*k + 60 = 92. Give c(k).
-12
Let x(s) be the third derivative of -5*s**4/24 + 25*s**3/6 + s**2 - 5*s. Give x(11).
-30
Let j(g) = 2*g - 37. Let v be j(-5). Let l = -36 - v. Let m(u) = u**3 + 5*u**2 - l - 2*u - 6*u**2 + 0*u + 9*u**2. Give m(-8).
5
Let a(b) = 120*b**3 - 38*b**3 - 31*b**3 + b - 26*b**3 - 29*b**3. Let n be -2 + 1 + 0 + 0. Calculate a(n).
3
Let n(m) = -11*m - 62. Let c(o) = 3*o - 48. Let g be c(14). Determine n(g).
4
Let v = 573 - 584. Let c(u) = -2*u**2 + u**3 - 11*u + 13 + 12*u**2 - 9. Determine c(v).
4
Let v = -232 - -348. Let m(c) = 6*c - v*c**2 - 11*c + 231*c**2 - 119*c**2 - 4. Determine m(-2).
-10
Let y(t) = -t**2 + 15*t - 43. Let k be y(4). Suppose 12*m - 15*m + p = 0, -4*m + k = -p. Let i(c) = -8*c**3 - c**2 - c + 1. Calculate i(m).
-9
Let a(p) be the second derivative of -1/3*p**3 + 1/24*p**4 - 9/2*p**2 + 24*p + 0. Let k(h) be the first derivative of a(h). Determine k(5).
3
Let d(i) = -6*i**2 - i + 1. Let b(q) = q**2 - 6*q - 21. Let u be b(9). Let c(k) = 5*k**2 + 2*k - 2. Let s be c(1). Suppose 4 + u = s*r. Determine d(r).
-25
Let b(n) = 6*n - 2 + 2*n - 4*n**2 + 0 - 1. Let q be b(4). Let g = q - -34. Let k(p) = 5*p**2 - p - 1. Determine k(g).
5
Suppose 7*y = 34 - 13. Suppose 56 = -4*b + j + 82, 3*b - 24 = y*j. Let g(u) = -u**3 + 5*u**2 + 4*u + 2. What is g(b)?
-10
Let f(j) = -j**2 + 12*j - 29. Let g = 3814 + -3807. What is f(g)?
6
Let n(o) be the second derivative of -o**3/6 - 3*o**2/2 + 7213*o - 4. Let u(t) = 0*t + t + 0*t. Let v be u(5). Calculate n(v).
-8
Suppose -26 = 5*h - 18*h. Let u(x) = x**2 - 7*x + 9. Let n(f) = f**2 - 7*f + 11. Let t(g) = h*n(g) - 3*u(g). Let c(d) = -2*d - 6. Let s be c(-5). Give t(s).
7
Let d(t) = 17*t - 8*t - 15*t - 11 + 7 - 2*t**2. Calculate d(-5).
-24
Let m(g) = -34. Let h(t) = t + 163. Let d(x) = h(x) + 5*m(x). What is d(5)?
-2
Let y(m) = 5 - 11 - 4 - 6 + m. Let o(d) = 2*d - 18. Let s(h) = 2*o(h) - 3*y(h). Determine s(-5).
7
Suppose 4*i - 35 = -i. Let s(k) = 2 + k + k - i*k. Suppose 0 = -u - 5*a + 6 + 2, -u + 4 = 3*a. Give s(u).
12
Let q(n) = -2*n**2 - 4*n - 2. Suppose 2*t - 10 = 2*m, -4*m = m + 5. Let u(h) = h**2 + 3*h + 2. Let r(c) = t*u(c) + 3*q(c). Calculate r(3).
-16
Let t(a) = a**3 - 7*a**2 + 4*a - 3. Let f = -17 + 38. Let y = -101 - -105. Suppose y*z - 3*u = 33, z - u - f = 4*u. Give t(z).
-15
Let g(p) = 2*p + 31. Let k = 2532 - 2538. Calculate g(k).
19
Let g(m) = -52 - 2 + 2 - 10 - 12*m. Gi